- (0 + -12)) + (107 + -203 - -92) - -46
53
What is the value of 0 - ((10 - -47) + 18 + 2)?
-77
Calculate -17 + 71 - (-70 + 108).
16
Evaluate -108 - ((-55 - -62) + -40).
-75
Evaluate (-1 - -25 - (-43 - -41)) + -25 - (0 + 1).
0
Evaluate -86 - ((-27 - (30 + -48)) + (4 - -1)).
-82
What is (-32 - (-3 + 0)) + (143 - 135) - 10?
-31
-206 + (92 - 10) + 158
34
What is -64 - (14 - -20) - (-6 + 5 + -10)?
-87
What is the value of 31 - ((-2 - -15) + -12 - (-18 - (4 + -10)))?
18
Evaluate (-42 - (121 + -59)) + -8 + 2 + 9.
-101
Calculate -11 - -2 - (10 - ((18 - 22) + -4 + 3)).
-24
-26 - (-29 - -5) - -16 - (2 + -9)
21
(33 + 2 - (-349 - -320)) + -38
26
-1 - 68 - (8 + -1 + -12) - (-247 + 236)
-53
(27 - 16) + 44 + -75
-20
-6 - (17 + -19 + 10 + 1)
-15
What is (17 + -4 - 2) + (-12 - (-15 + -19))?
33
What is -5 - -12 - 3 - -21 - (12 + -9)?
22
Calculate (-73 - ((-7 + -10 - 9) + 8)) + -1 + -3.
-59
What is 12 + 19 + -10 + -35 - -100?
86
Calculate (0 - -2) + (583 - 589 - (-4 - (-1 - 1))).
-2
Calculate 312 + -315 + (110 - (1 + -1)) + -2 + 2.
107
What is the value of -19 + 0 - ((4 - -56) + -63) - (-1 + -156)?
141
(697 - 635) + (42 - (5 - 1))
100
What is (3 - (27 - 31)) + -67?
-60
What is the value of (56 - 43) + -31 + 3?
-15
What is the value of -4 + 34 - (-146 + 130 + 77)?
-31
Calculate (-137 - -180) + -66 + 0 + 66.
43
Calculate -32 - (-65 + 24 - -29).
-20
What is the value of 10 + -2 - (14 - 8 - 4 - 26)?
32
Evaluate -12 + 41 + 17 + (-38 - 0) + 14.
22
What is the value of 5 + (1 - 11) + -7 + 7 - -8?
3
Calculate 0 + 1 - (-216 + 208) - 23.
-14
26 + 1 + -3 - (77 - 87)
34
What is -79 + (-55 - -18 - -29) - -2?
-85
Calculate 85 - (140 - -135) - -150.
-40
What is the value of -86 + 84 + (-15 - ((29 - 14) + 89))?
-121
What is the value of 29 + (-22 - (35 - -8)) + (-5 - -12)?
-29
((8 - -2) + (50 - -52) + -14 - 11) + 11
98
What is -3 - -2 - (-12176 + 12218)?
-43
What is -129 + 6 + 0 + 1841 + -1805?
-87
Evaluate -67 + 24 - -41 - (-2 + -1 + 17).
-16
What is the value of (-14 - 1) + (-27 + 29 - (13 - -3))?
-29
Evaluate -6 - 90 - (-1101 + 1043).
-38
Calculate 11108 - 11169 - (-1 - 10).
-50
Calculate 52 + (6 - (72 - 16)).
2
What is -1 - -192 - (54 - -57)?
80
Calculate 2 + -1 + 2 + (293 - 303) + 0.
-7
Evaluate 0 + 58 + -11 + (14 - -1 - (-36 - -36)).
62
What is (21 + -17 - 20) + 30 - (-47 - 1)?
62
Calculate 6 - ((6 - (-4 + -2 + 5)) + -2 + 43).
-42
What is -4 - 0 - (-178 + 223 - 58)?
9
What is the value of (31 - 62) + -13 + 30 + 80?
66
Evaluate 53 - (83 + -10) - (-1 - 0).
-19
What is -15 + (4 - (9 + -2)) + (3 - 3)?
-18
What is 22 - 29 - (0 - 2) - (-646 + 631)?
10
Calculate -63 + 32 - (20 + -14 + 21 + -9).
-49
What is -42 + 22 + (4 - (32 + -16)) + (1 - -2)?
-29
Evaluate -73 + (0 - -2) + (12 - 22).
-81
What is the value of (-21 - (-43 + 23)) + 25 + -6?
18
Evaluate 34 + 126 + -71 + 42.
131
11 - 2 - (-20 + 31 + -9) - -2 - -15
24
What is the value of -94 - (11 + (10 - 6) + -3) - 4?
-110
-57 + 36 - 10 - 83
-114
What is (-1 + -2 - (27 - -5) - (85 + -93)) + -9?
-36
What is the value of -7 - 10 - (-96 + 30 + -17)?
66
Evaluate (2 - 3) + -3 + (9 - 27) + 33 + -68.
-57
What is the value of 40 + -15 - (188 + -164)?
1
What is (-8 - (4 - 10) - 0) + (-87 - -66)?
-23
What is the value of -103 - (21 + (-33 - 41))?
-50
Evaluate (20 - 6 - ((59 - (-12 - -19)) + 4)) + 13.
-29
Calculate -40 + (-2 - (2 + 5)) + (21 - -1).
-27
(110 - (-16 + 25 + -13 - 7)) + (-5 - 10)
106
Evaluate 11 - (0 + -3) - (236 - 156).
-66
Calculate -54 - (26 - 0 - 37) - (4 - 8 - -10).
-49
2 - -26 - (164 + -135)
-1
Evaluate (0 - 3) + 1 - (29 - -1 - (-339 + 378)).
7
What is the value of -3 - 0 - -10 - 14 - (47 - (10 - 6))?
-50
What is the value of (-1 - (-10 - -6) - 10) + -13 + 25?
5
Calculate 4470 - 4428 - (-2 - -91).
-47
-97 + -8 - ((20 - 16) + -3 - 1)
-105
-39 + 11 + (145 - 55)
62
Calculate 52 + (-9 - 9) + (60 - 21).
73
Evaluate -39 + 54 - -46 - 61.
0
Evaluate -19 - (47 - (33 - 8)) - -86.
45
What is -2 - (-50 - -1) - (-7 - ((14 - 27) + 8))?
49
Calculate 3 + -14 + 27 + -20 - (-48 - 2).
46
What is 0 + -65 + -492 + 529 + -104?
-132
What is the value of 111 - 142 - (-15 - 62) - 157?
-111
What is the value of (-1 - -12) + 12 + (-7 + 26 - (-10 + 16))?
36
What is 10 + (137 - 144 - (0 + 2))?
1
Calculate -10 - (3 + -6 - (2 + -7)) - 38.
-50
Calculate 25 + -106 + (1 - (-9 + 7) - 16).
-94
-1 + -6 - (5 + -5 + -15 + -26)
34
Calculate (-116 - -48) + (21 - 33).
-80
Evaluate -98 - 1 - -18 - -103.
22
What is the value of -18 - (11 - 65 - -71)?
-35
What is the value of -11 + -2 + -971 + 1049 - 32?
33
14 + -83 + 8 + 7 + 1 + 0
-53
What is (5 + 17 - 36) + 21 + -6 - -72?
73
Calculate (24 - 21) + (-24 - 7).
-28
5 + 2 + 10 + -3 + (-105 - 17)
-108
Evaluate -5 - (-26 + (-23 - -30) - 8).
22
What is -8 + (48 - -16) + 9 + -24 + 23?
64
What is 17364 + -17366 + 0 + 2 + 95 + -1?
94
Evaluate -3 + 9 - -4 - (9 - (9 - 3) - 83).
90
-239 + 219 + 9 + -52
-63
What is -65 + -4 + 94 - (0 + -2)?
27
-13 + 2 - (-16 + -1 - (-577 - -660))
89
What is the value of 108 - -166 - 289 - (-1 + -35)?
21
What is 223 + -319 - (-210 + -9)?
123
What is (-9 + -24 - -65) + -24?
8
Calculate (3470 - 3426) + 0 + -93.
-49
(-23 - (-23 + -24)) + (39 - 103)
-40
What is -7 + -10 + 34 + -13 + -5 - (1 + -25)?
23
Calculate 16 + -33 + -11 - (-4 + -17).
-7
Evaluate -2 + -6 + 1 + 3 + -170 + 201.
27
What is the value of (25 - (41 + (-20 - 2))) + -3 - 133?
-130
Calculate 47 - (-49 + (26 - -96)).
-26
Evaluate -42 - (47 - 78) - (-11 + 14 - (-1 + 85)).
70
What is the value of (15 - (-4 + 6)) + 14 + (-3 - 27 - -29)?
26
Evaluate 42 + (33 + -21 - 37).
17
25 - (-45 + (47 - -57))
-34
14 + -1 - (21 - 10 - -16) - 70
-84
Calculate 0 + -3 + (17 - 30) + (618 - 609).
-7
133 - (90 + (-140 - -63))
120
Evaluate 47 - (-46 - -7 - -93).
-7
What is the value of 45 + -34 + -39 + 25?
-3
Evaluate 0 - -3 - (-1509 - -1515).
-3
What is the value of (-9 - (-58 - -51)) + -39?
-41
What is (-22 + 6 + (-13 + 2 - -18) - 53) + 9?
-53
What is (-15 - 19) + (10 - 6)?
-30
Calculate (26 - -3) + 199 + -234.
-6
Evaluate (-6 - -4) + (51 - 42) + (0 - -33).
40
What is the value of 11 + (-20 + 11 - -22) + 6 + -9?
21
What is the value of 18 + (-76 + 36 - 7)?
-29
What is (-41 - (-5 - 40)) + 43?
47
Calculate (6 - -16) + -2 + (34 - (63 + -20)).
11
What is -87 + 58 - (20 - ((4 - -4) + -2))?
-43
What is the value of 36 - (-16 - (16 + -41 + 25))?
52
Evaluate -40 + 20 + (29 - (1 - 12)).
20
Evaluate 1 + -11 + 19 + (0 - -3) + 49 + -7.
54
What is the value of -10 - (-10 + -1 + 3 + (-17 - 28))?
43
Calculate (13 - 39) + 12 + -1 - -10 - 6 - -63.
52
Calculate 37 + (-28 - 8) + (11 - -4).
16
What is the value of -28 + -47 - (40 + (-125 - -37))?
-27
-100 + 62 + 15 + (8 - 2) - -95
78
Calculate (-4 - 7) + (-17 + -10 + 21 - -13).
-4
What is the value of 13 + 12 - (-1 + 22 + -86)?
90
72 + -13 + -100 + 106
65
What is (-2 - 6) + (15 - -54 - ((8 - -5) + -7))?
55
Calculate (-3 + 0 - (6 + -14)) + -7 + 13 + -67.
-56
What is -16 + (-18 - (-53 + 24))?
-5
Calculate -4454 + 4441 + (49 - -3 - (1 + -3)).
41
Evaluate 77 + -38 + -33 + -45.
-39
Evaluate (-74 - (0 - 24)) + (4 - -5).
-41
Evaluate (55 - -1) + 326 + -364.
18
Evaluate 0 + 70 + (-18 + 61 - 12).
101
Calculate (-23 - (68 + (-46 - -9))) + 1.
-53
386 - (815 - 440) - ((2 - 1) + 76)
-66
Evaluate (-24 - (35 - 76)) + 6.
23
What is -35 + 55 + -21 - (0 - 3) - -23?
25
Evaluate (65 - (32 + 2)) + -102 + 49.
-22
What is the value of -5 + (15 - 33) + (1 - (5 - (-1 + -1)))?
-29
(-1 - -18) + (178 - (-40 - -102)) + -21
112
What is -17 - ((-1 - -10) + (-11 - -2 - (-10 + 2)))?
-25
Calculate (8 + -22 - (30 - (18 + -25))) + -17.
-68
14 + -1 + -1 + (15 - -17) + -106
-62
Evaluate 84 - (-22 + 33 + (6 - 15)).
82
What is the value of (70 - 0) + (3 - (22 + -30))?
81
What is the value of -35 + -7 + -83 + 33 + 24?
-68
What is the value of 66 - 62 - (3 + (-16 - -5)) - 4 - -40?
48
2 - -47 - (-74 + -69 + 174)
18
What is the value of -2 + 0 + 3 + (124 - (168 - 20))?
-23
Evaluate 10 + -16 - (-16 - (1 + -7 - (13 - 10))).
1
Calculate (-15 - -31) + -51 - -64.
29
What is the value of 36 + -8 + (-12 - 22) + 99?
93
What is -18 + 5 + 1 + 94 + (-7 + 4 - 2)?
77
What is the value of -7 + -100 + 110 + (1 - -36) + -1 + -15?
24
Calculate 3 + -9 + -3 + 94 + -39.
46
What is the value of (16 - 4) + (-53 + 32 - 9) - 3?
-21
125 - 184 - (19 + -78)
0
What is the value of 68 + 24 + -92 +